
3
What is the ten millions digit of 911893728?
1
What is the tens digit of 2990978911?
1
What is the ten thousands digit of 843848390?
4
What is the ten thousands digit of 1345269716?
6
What is the thousands digit of 271060455?
0
What is the millions digit of 84857546?
4
What is the units digit of 96676865?
5
What is the ten thousands digit of 20126745?
2
What is the units digit of 579429050?
0
What is the hundreds digit of 2005865282?
2
What is the millions digit of 1252081044?
2
What is the millions digit of 935542535?
5
What is the ten millions digit of 2034350669?
3
What is the units digit of 1470904407?
7
What is the billions digit of 2466808308?
2
What is the millions digit of 1339973366?
9
What is the hundred millions digit of 6798522503?
7
What is the hundreds digit of 384113968?
9
What is the hundred millions digit of 403373290?
4
What is the thousands digit of 43725052?
5
What is the units digit of 14459241?
1
What is the units digit of 959060781?
1
What is the hundreds digit of 91021132?
1
What is the hundred millions digit of 208412567?
2
What is the thousands digit of 447421934?
1
What is the ten thousands digit of 7007489?
0
What is the billions digit of 7129916249?
7
What is the billions digit of 1026642548?
1
What is the hundred millions digit of 228282356?
2
What is the units digit of 25753192?
2
What is the thousands digit of 416276322?
6
What is the ten millions digit of 79558348?
7
What is the hundreds digit of 1986711508?
5
What is the millions digit of 2929157408?
9
What is the units digit of 57620181?
1
What is the ten thousands digit of 96994792?
9
What is the thousands digit of 980772832?
2
What is the ten millions digit of 1492324943?
9
What is the hundreds digit of 1350644738?
7
What is the ten thousands digit of 300167065?
6
What is the thousands digit of 2153080159?
0
What is the hundred millions digit of 7988606465?
9
What is the ten thousands digit of 29245065?
4
What is the millions digit of 39711660?
9
What is the ten thousands digit of 2291631307?
3
What is the ten millions digit of 4621492416?
2
What is the thousands digit of 5030888425?
8
What is the ten millions digit of 160641324?
6
What is the tens digit of 42060403?
0
What is the millions digit of 657831816?
7
What is the millions digit of 1641940449?
1
What is the hundreds digit of 897722475?
4
What is the ten thousands digit of 602263994?
6
What is the tens digit of 1688936262?
6
What is the thousands digit of 184912610?
2
What is the millions digit of 592156439?
2
What is the thousands digit of 17949028?
9
What is the hundred millions digit of 685524150?
6
What is the tens digit of 4111788057?
5
What is the ten millions digit of 1298528518?
9
What is the units digit of 372182265?
5
What is the tens digit of 9572424?
2
What is the tens digit of 76687813?
1
What is the hundreds digit of 779877219?
2
What is the millions digit of 211653235?
1
What is the thousands digit of 3442893609?
3
What is the thousands digit of 127028148?
8
What is the tens digit of 67990906?
0
What is the hundred thousands digit of 638119461?
1
What is the ten millions digit of 2364737046?
6
What is the hundred thousands digit of 1614870065?
8
What is the ten millions digit of 421398140?
2
What is the hundreds digit of 68090789?
7
What is the millions digit of 511956250?
1
What is the units digit of 657314567?
7
What is the units digit of 5442696629?
9
What is the tens digit of 12073869?
6
What is the hundred thousands digit of 167007119?
0
What is the tens digit of 1116638787?
8
What is the hundreds digit of 2111946439?
4
What is the ten thousands digit of 397650052?
5
What is the ten millions digit of 485568673?
8
What is the tens digit of 17420713?
1
What is the ten millions digit of 78490488?
7
What is the hundred thousands digit of 666071329?
0
What is the billions digit of 5813093808?
5
What is the tens digit of 376333999?
9
What is the tens digit of 68484303?
0
What is the tens digit of 89204956?
5
What is the tens digit of 199607543?
4
What is the ten millions digit of 254042978?
5
What is the hundred millions digit of 957685126?
9
What is the tens digit of 143426655?
5
What is the thousands digit of 211565420?
5
What is the ten thousands digit of 1216933011?
3
What is the hundreds digit of 887925003?
0
What is the thousands digit of 104865872?
5
What is the units digit of 197322903?
3
What is the billions digit of 1352608774?
1
What is the ten thousands digit of 95793471?
9
What is the thousands digit of 481058559?
8
What is the units digit of 117819920?
0
What is the millions digit of 69295687?
9
What is the ten millions digit of 16872951?
1
What is the tens digit of 213462768?
6
What is the ten thousands digit of 34669328?
6
What is the ten thousands digit of 72514256?
1
What is the tens digit of 48014032?
3
What is the millions digit of 46923741?
6
What is the hundred thousands digit of 407294957?
2
What is the units digit of 116435238?
8
What is the hundreds digit of 61489414?
4
What is the hundreds digit of 107552495?
4
What is the hundreds digit of 8478332614?
6
What is the hundred millions digit of 6433493275?
4
What is the millions digit of 630385633?
0
What is the tens digit of 620122454?
5
What is the hundred millions digit of 100178926?
1
What is the units digit of 68598360?
0
What is the hundred thousands digit of 8531657840?
6
What is the millions digit of 581394404?
1
What is the thousands digit of 4138261047?
1
What is the thousands digit of 14230834?
0
What is the ten millions digit of 923986690?
2
What is the ten millions digit of 48061764?
4
What is the ten thousands digit of 4632349863?
4
What is the hundreds digit of 1096419151?
1
What is the ten millions digit of 279091133?
7
What is the millions digit of 568880389?
8
What is the hundred thousands digit of 10903525?
9
What is the hundred thousands digit of 310719950?
7
What is the billions digit of 1376931279?
1
What is the hundreds digit of 88586251?
2
What is the millions digit of 571985260?
1
What is the hundred thousands digit of 143585008?
5
What is the ten thousands digit of 89003094?
0
What is the units digit of 61940123?
3
What is the hundred thousands digit of 499846809?
8
What is the ten thousands digit of 27188787?
8
What is the ten millions digit of 467500962?
6
What is the hundred thousands digit of 1753805894?
8
What is the tens digit of 324537610?
1
What is the ten thousands digit of 390875969?
7
What is the units digit of 6865881458?
8
What is the tens digit of 85465458?
5
What is the hundreds digit of 2570655205?
2
What is the units digit of 1420993810?
0
What is the millions digit of 24475892?
4
What is the ten thousands digit of 3354890026?
9
What is the ten thousands digit of 528627827?
2
What is the ten millions digit of 403839432?
0
What is the hundreds digit of 764689645?
6
What is the thousands digit of 78914467?
4
What is the ten thousands digit of 1667603407?
0
What is the ten thousands digit of 44492684?
9
What is the tens digit of 147352849?
4
What is the millions digit of 51016500?
1
What is the hundred thousands digit of 91706544?
7
What is the hundreds digit of 29574315?
3
What is the ten millions digit of 85131771?
8
What is the millions digit of 66585643?
6
What is the hundred thousands digit of 1047888310?
8
What is the ten thousands digit of 13368660?
6
What is the hundred thousands digit of 9683387221?
3
What is the hundred thousands digit of 964529305?
5
What is the ten millions digit of 736261100?
3
What is the hundreds digit of 165819062?
0
What is the ten thousands digit of 5240334?
4
What is the units digit of 447276113?
3
What is the units digit of 1469479279?
9
What is the billions digit of 2842101626?
2
What is the hundred thousands digit of 868121512?
1
What is the ten millions digit of 3198073425?
9
What is the thousands digit of 62159954?
9
What is the ten millions digit of 57904111?
5
What is the thousands digit of 168964495?
4
What is the tens digit of 259219347?
4
What is the hundreds digit of 151504623?
6
What is the ten thousands digit of 1199745039?
4
What is the ten millions digit of 96394008?
9
What is the units digit of 64289700?
0
What is the ten millions digit of 84855003?
8
What is the hundred thousands digit of 6791835?
7
What is the te